e remainder when l is divided by v.
12
Let q(d) = -d**3 - 10*d**2 + 2*d + 11. Let y be q(-10). Let h(r) = 3*r + 28. Let z be h(y). What is the remainder when 266/28*(3 - z) is divided by 4?
3
Suppose -21 = -5*r + 4. Suppose 0 = -r*c - 15, -c = 3*j - 231. What is the remainder when j is divided by 20?
18
Let x = 160 + -108. Let l = 61 - x. What is the remainder when 52 is divided by l?
7
Suppose 3*c - 2*u = u + 33, 10 = 2*u. Let k = c - 9. Calculate the remainder when 20 is divided by k.
6
Suppose -13*h - 469 = 311. Let z = h + 86. What is the remainder when 72 is divided by z?
20
Suppose -5*y - 4*b + 3 = -0, b + 3 = 0. Suppose -5*z + 4*z + 26 = 2*d, y*z + 3*d - 63 = 0. Calculate the remainder when 45 is divided by z.
13
Let c(o) = -o**2 - 12*o + 12. Let k be c(-8). Suppose k = 4*v - 2*v. Calculate the remainder when 42 is divided by v.
20
Suppose -3*z + 4*s - 8 = 2*s, 0 = -2*z - 4*s + 16. Suppose z = 2*k - 11 - 75. Calculate the remainder when 84 is divided by k.
41
Let u(d) = -77*d - 168. Calculate the remainder when u(-8) is divided by 76.
68
Suppose 0 = -21*l + 14*l + 266. What is the remainder when 99 is divided by l?
23
Suppose 5*q = -6*v + 11*v - 295, 4*q + 56 = v. Calculate the remainder when v is divided by (8/6 - 0)*12.
12
Suppose 3*p + p + 12 = -4*t, -6 = 4*t - 2*p. Calculate the remainder when 6 is divided by 0/(-3) + (t - -5).
0
Suppose -5 = -5*j, -3*w - j - 3*j + 16 = 0. What is the remainder when (w - 1182/(-33)) + (-2)/(-11) is divided by 22?
18
Suppose -4*y + y + 246 = 0. Let m(u) = 2*u**2 - 9*u + 3. Let r = 5 + 1. Calculate the remainder when y is divided by m(r).
19
Suppose 7*i + 5 = 2*i. Calculate the remainder when 15 is divided by (-4 - i) + (8 - -2) + 2.
6
Suppose 35 = 3*h + 5. Let f be (-9)/(-3*(-3)/42). Let u = f - -71. Calculate the remainder when u is divided by h.
9
Suppose 0 = -4*z + n + 484, -526 = -5*z - 4*n + 58. Suppose 3*m = 5*s + 38, 5*m - s - z = -4*s. What is the remainder when m is divided by 11?
10
Let x = 13 + -10. Suppose 4*k - 5*k + 3*j = 4, x*j + 6 = 3*k. Calculate the remainder when (-1)/(1/(-6))*2 is divided by k.
2
Suppose 10*n - 18*n = -672. What is the remainder when n is divided by 19?
8
Let w(n) = -22*n - 205. What is the remainder when w(-16) is divided by 90?
57
Calculate the remainder when 182 is divided by -3 + 2 - 5 - -43.
34
Suppose 5*h = f - 35, -f - 5*h = 4*f - 145. Let j = f - 14. Calculate the remainder when 23 is divided by j/(4 - 3) - 3.
10
Suppose -5*u - 4*z = -245, 148 = 4*u - 2*z - 48. Calculate the remainder when u is divided by 36.
13
Suppose 18*m - 1137 + 21 = 0. What is the remainder when m is divided by 6?
2
Let j(b) = b**2 - 2*b - 10. Let n be -10*(28/8 - 3). Calculate the remainder when j(n) is divided by (-51)/(-4) + 2/8.
12
Calculate the remainder when (32/(-10))/(0 - (-20)/(-50)) is divided by 8/5 + 4/10.
0
Suppose -4*t - 18 = -150. Let k = 76 - 59. What is the remainder when t is divided by k?
16
Let n be -4 + (-2 + -106)/3. Let i = 64 + n. Let a = 36 - -34. Calculate the remainder when a is divided by i.
22
Let x = -17 + 24. Suppose -12 = -x*w + 9. What is the remainder when 6 is divided by w?
0
Let i(o) = -2*o**3 - 56*o**2 - 3*o - 6. What is the remainder when i(-28) is divided by 27?
24
Suppose -5*m = 2*u + 87 - 648, 0 = u + m - 273. Calculate the remainder when u is divided by 15.
13
Let a(b) = -13*b**3 + 3*b**2 + 3*b. What is the remainder when 37 is divided by a(-1)?
11
Suppose 5*c - 749 = -4*b, -2*c + 2*b + b + 318 = 0. Calculate the remainder when c is divided by 33.
21
Let z be 0 - 5*(2 - 3). Suppose j + 1 = l - 2*l, -3*j - 2*l = -2. Suppose -z + 33 = j*c. What is the remainder when 19 is divided by c?
5
Let i = 26 - 11. Let l = 20 - i. Calculate the remainder when 22 is divided by l.
2
Let k(t) = -t**3 + 4*t**2 + 38*t + 1. Calculate the remainder when 136 is divided by k(8).
38
Suppose -12 = 4*d - 80. Let m = d + 3. Calculate the remainder when 37 is divided by m.
17
Let l be (23 - 3)*3/6. Let r(x) = -x**2 + 9*x + 11. Let b be r(l). Calculate the remainder when 2 is divided by (b + 0)*(0 + 2).
0
Let u = -19 + 19. Suppose u = -7*i + 157 + 4. Calculate the remainder when i is divided by 7.
2
Let r(u) be the third derivative of -4*u**4/3 - u**3/3 + 8*u**2. Calculate the remainder when 118 is divided by r(-1).
28
Let s(p) be the first derivative of 1/3*p**3 + 5*p + 4 - p**2. Calculate the remainder when 12 is divided by s(0).
2
Let c(r) = r**2 + 17. Let m be (-7 - -6)/((-1)/3). Suppose m = -5*k + 163. Calculate the remainder when k is divided by c(0).
15
Let k(d) = 17 - d - 205*d**2 - d**3 + 218*d**2 + 0*d. What is the remainder when 9 is divided by k(13)?
1
Suppose -3*h + 2*n + 112 = 0, -4*h - 4*n + 75 = -41. What is the remainder when 474 is divided by h?
32
Let j be 6/12 - ((-1)/(-2) - 0). Suppose j = 10*d - 2*d - 56. Calculate the remainder when 13 is divided by d.
6
Suppose 4*z + x - 194 = 0, -z + 0*z = 5*x - 39. Suppose -7*n = -12*n + 515. Let l = n + -78. What is the remainder when z is divided by l?
24
Let q(f) be the second derivative of 3*f**5/20 - f. Calculate the remainder when 5 - (-1 + -1 + -3) is divided by q(1).
1
Let b(c) = -c**2 + 13*c - 3. Let v = 107 + -69. Suppose 4*w = -2 + v. Calculate the remainder when b(w) is divided by 17.
16
Calculate the remainder when 262 is divided by 7 - (-520)/(-72) - (-2786)/63.
42
Suppose -5*h - 82 = -3*a, a = -a - 3*h + 42. Suppose 100 - a = 4*k. What is the remainder when 73 is divided by k?
16
Let w be (-5)/(-10) + (-2)/(-4). Let c(b) be the third derivative of b**6/30 - b**5/60 + b**3/6 - b**2. What is the remainder when 8 is divided by c(w)?
0
Let k = -6 - 8. Suppose 4*p - 110 = 22. Calculate the remainder when p is divided by (-1 - -3)*-1 - k.
9
Calculate the remainder when (32 - -1)*((-56)/21 - -5) is divided by 30.
17
Let f = -564 - -793. What is the remainder when f is divided by 34?
25
Suppose -n - 4 = -3*o + 5*o, -3*o - 15 = 0. What is the remainder when 23 is divided by n?
5
Let q(k) = k**3 + 10*k**2 - 83*k - 12. Calculate the remainder when q(7) is divided by 133.
107
Suppose 5*k + 3*h - 4*h - 1459 = 0, h - 869 = -3*k. Calculate the remainder when 45 is divided by (-2)/5 + (k/15 - 3).
13
Suppose 2*w = -2*c + 48, 0 = -w + 2*c + 1 + 38. What is the remainder when w is divided by 20?
9
Let i(x) = 4*x**2 - 103*x + 3. Calculate the remainder when i(32) is divided by 13.
10
Let w = -14 + 19. Suppose -w*x = 2*q - 4*q - 33, 3*x + q = 11. What is the remainder when 17 is divided by x?
2
Suppose 3*y + 154 = 5*m, 2*m + 3*m + 3*y - 166 = 0. What is the remainder when m is divided by 13 + (-3)/(3/2)?
10
Let m = 95 - 90. Let d(x) = 2*x**2 + 7*x - 1. Let f be d(5). Suppose m*t = 8*t - f. Calculate the remainder when t is divided by 10.
8
Let x = -25 + 26. Suppose x = f - 22. What is the remainder when f is divided by 13?
10
Suppose -3*k + 24 = 3*f, 2*f + 2*k = 5*f - 44. Suppose -r - 18 = 12. Let t(a) = -5*a - 92. What is the remainder when t(r) is divided by f?
10
Let g(v) = 4*v**2 - 12*v - 19. What is the remainder when 103 is divided by g(-2)?
19
Let r(x) = -23*x - 44. Calculate the remainder when r(-14) is divided by 31.
30
Let w = 8 - 4. Suppose -4*t + 436 + 44 = 0. Suppose -308 - t = -w*l. What is the remainder when l is divided by 27?
26
Suppose -d - 4*m = -5*m + 13, 5*m = 2*d + 17. Let z(k) = k**2 + 17*k + 23. What is the remainder when 22 is divided by z(d)?
1
Let j(b) = -2*b**3 - 4*b**2 + 14*b + 33. What is the remainder when j(-6) is divided by 4?
1
Suppose 44*f - 11*f = 231. What is the remainder when 310 is divided by f?
2
Let n = 47 - 34. Suppose n = 3*s - 5*c, s - c + 0*c = 5. Let m(h) = h**3 + 6*h**2 - 7*h + 3. What is the remainder when s is divided by m(-7)?
0
Suppose -34 = -5*x - 4*c, -3*x + 38 = -0*c - 2*c. Calculate the remainder when 15 is divided by x.
5
Suppose -28 = -2*c + 16. Suppose 2*k = -5*j - 24, 3*k + 4*j = 5*k + 60. Let o = 63 - k. What is the remainder when o is divided by c?
19
Suppose -4*b + 3*b + 16 = -2*v, 3*b - 28 = -4*v. What is the remainder when b is divided by 5?
2
Suppose -z = -5*o - 91, 2*o = z + 4*o - 70. What is the remainder when 298 is divided by z?
70
Let b(o) = o**2 - 14*o + 2. Suppose -3*h + 70 = 2*h. Let v be b(h). Suppose -3*q - v*q + 95 = 0. What is the rema